common factor of h and 9.
3
Let n(y) be the third derivative of 13*y**5/15 - y**3/6 + 4*y**2. Let z be n(-1). Suppose 0 = 2*x + 8 - 42. What is the greatest common factor of x and z?
17
Let d = 3 - 2. Let u = d + 11. Let h = 26 - 14. What is the highest common factor of h and u?
12
Suppose 4*p = 2*n - 2, -4 + 3 = 2*n - 3*p. Let i = n - -8. Calculate the greatest common divisor of i and 24.
3
Let d = -7 + 10. Suppose 0 = -d*c - 27 - 45. Let l = 48 + c. Calculate the highest common divisor of l and 60.
12
Suppose -2*t = -2*i - 10, 15 = 4*i + 2*t + t. Suppose -5*p = -3*v - 57, i*p + p - 5 = -v. Calculate the greatest common factor of 9 and p.
9
Let y = -13 + 69. Let p be (-86)/(-7) + (-16)/y. What is the greatest common factor of 30 and p?
6
Let q(m) = 20*m**3 - m**2 + m - 1. Let d be q(1). Suppose 5*t - 202 = -3*s, 3*t + s = 117 + 1. Calculate the greatest common factor of t and d.
19
Let t = 18 + -14. What is the highest common factor of 40 and t?
4
Let f(i) = i**3 + 21*i**2 + 39*i - 14. Let p be f(-18). Calculate the highest common factor of p and 32.
32
Let m = 40 + -18. Suppose -3*f + 59 + 667 = 0. What is the greatest common factor of m and f?
22
Let r = 6 + -3. Suppose -r*s + 665 = 5*q, 37 + 248 = 2*q + 5*s. Calculate the greatest common divisor of 13 and q.
13
Let q(i) = -i - 4. Let l = 5 + -10. Let m be q(l). Let h be (-1 - m)/(-2*1). What is the greatest common factor of h and 7?
1
Let k be 1/1*(9 - 4). What is the greatest common factor of k and 45?
5
Let f = 61 - 39. Let x = 181 - 126. Calculate the greatest common divisor of x and f.
11
Suppose 5*g - 207 = -42. Calculate the greatest common divisor of 6 and g.
3
Let p be (-27)/(-5) - 38/95. Calculate the greatest common divisor of p and 4.
1
Suppose -2*k - n + 93 = 0, 3*k - 17 - 103 = 5*n. Let q(t) = 10*t**2 + t. Let p be q(-1). Calculate the greatest common divisor of k and p.
9
Let i = 6 + -2. Let p be (1/3)/(i/588). Calculate the highest common divisor of p and 7.
7
Let w(x) = x**3 - 3*x**2 - 9*x + 10. Let t be w(7). Suppose -13 = -0*v - v. Calculate the greatest common factor of v and t.
13
Let v = 303 - 205. Let t = 8 + 6. What is the greatest common factor of t and v?
14
Let p(f) = -16*f**3 - 2*f**2 - 5*f - 3. Let b be p(-1). What is the greatest common factor of 4 and b?
4
Suppose k + 18 + 7 = x, 2*k - 5*x = -38. Let v = 0 - k. Suppose 4*q + v = 165. Calculate the highest common divisor of 51 and q.
17
Suppose -5*i + 2*h + 10 = 5*h, 5*h - 6 = -3*i. Let o = i + 25. What is the greatest common divisor of 18 and o?
9
Let r be 2*1/(-2) + 2. Suppose 7*h + 3*y - 50 = 2*h, -2*h = y - 19. What is the greatest common divisor of h and r?
1
Let c(i) = 28*i**2 - i. Let q be c(-1). Suppose -96 = 5*l - 3*v, -4*l + 4*v - 80 = -0*v. Let j = l + q. Calculate the highest common factor of 11 and j.
11
Let j = -9 + 13. Suppose 175 = j*s - t, -2*s - s = -2*t - 125. What is the highest common divisor of 18 and s?
9
Suppose 4 = -n, 5*x = -2*n - n + 428. Let p = x - 28. Suppose -4*r = -5*j + r + p, j - 3*r - 18 = 0. Calculate the greatest common factor of j and 6.
3
Suppose 3*u + 2*c - 366 = 0, -4*u + 3*c = -164 - 307. What is the greatest common divisor of u and 30?
30
Let u(z) = -4*z - 3. Let d(k) = -k**3 - 4*k**2 + 3. Let v be d(-3). Let m be u(v). Calculate the greatest common divisor of 14 and m.
7
Suppose -4*t - 2*p + 118 = -32, -p = 5*t - 189. What is the greatest common divisor of 57 and t?
19
Suppose 5*b - 2*b + 62 = 5*m, -2*b = 3*m - 41. Suppose 21*f - 351 = 18*f. Calculate the greatest common factor of f and m.
13
Suppose -25*s - 48 = -31*s. Calculate the greatest common divisor of 8 and s.
8
Let z = -16 - -46. Calculate the highest common factor of 390 and z.
30
Suppose -102 = -2*y + 4. Calculate the highest common factor of y and 159.
53
Let m be 129/15 + (-4)/(-10). Let z be ((-3)/(m/(-156)))/1. Suppose -z = -4*t + 4*w - 2*w, 3*w = -2*t + 10. What is the greatest common factor of 44 and t?
11
Let q(j) = -j**3 + 5*j + 4. Let m be q(-3). What is the highest common divisor of 144 and m?
16
Suppose t - l + 0*l - 40 = 0, -5*t = l - 230. Suppose -12 = 5*f + 58. Let d = -5 - f. Calculate the highest common factor of t and d.
9
Let n = -33 + 88. What is the greatest common factor of 22 and n?
11
Suppose 0 = 3*c + 3*p - 117, 4*c - p = -17 + 183. Let k = c - 23. Calculate the greatest common factor of k and 27.
9
Let z(y) = 2*y**3 - 12*y**2 + 12*y + 2. Let q be z(5). What is the highest common divisor of q and 9?
3
Let h = 2 + 18. What is the greatest common divisor of 8 and h?
4
Suppose -12*t + 6450 = -810. What is the greatest common factor of t and 55?
55
Let t = -88 - -348. Suppose -1 = -3*k - v + 77, -5*k - v + 130 = 0. What is the greatest common factor of k and t?
26
Suppose 56 + 7 = 3*m. Let h = m - 5. Calculate the greatest common factor of 80 and h.
16
Let a(h) = h - 2. Let i be a(2). Suppose 5*z + 2*u - 48 = i, 3*z - 4*z = 2*u - 8. Let n = -225 + 315. What is the greatest common factor of z and n?
10
Let o = -166 + 364. Let u be (30/9)/(4/o). Suppose 3*c - 2*k - u = 0, -5*c + k - 2*k = -275. What is the highest common factor of c and 22?
11
Suppose 54 = 3*c + 4*f, -2*f + 11 = 3*c - 43. Calculate the highest common factor of 72 and c.
18
Let i(q) = -q**3 - q + 12. Let a be i(0). What is the highest common factor of 3 and a?
3
Suppose -50*j = -40*j - 280. What is the greatest common divisor of j and 35?
7
Suppose f + 4*f = 60. Let t(x) = -6*x**3 - x**2 - 10*x - 16. Let k be t(-2). What is the greatest common divisor of f and k?
12
Let m(p) = -p + 11. Let a be m(7). Calculate the highest common divisor of 40 and a.
4
Let a be 44/10 + 10/(-25). Calculate the highest common divisor of a and 6.
2
Suppose 1 + 3 = z, -17 = 3*w - 2*z. Let t be (-4)/w + 2/3. Let y be 5/(-10) - (-22)/4. Calculate the highest common divisor of t and y.
1
Suppose -2*i + 77 + 179 = 0. What is the highest common factor of i and 16?
16
Let b(w) = -w**3 - 11*w**2 - 5*w + 9. Let y be b(-11). What is the highest common factor of y and 16?
16
Let v be (-9)/6*22/(-3)*3. Calculate the greatest common divisor of v and 11.
11
Suppose 5*y + 41 = -59. Let l be y/(-110) + 97/11. Calculate the highest common factor of l and 99.
9
Let p(t) = 5*t + 8. Let r be p(3). Calculate the highest common divisor of r and 23.
23
Suppose -c = 4*c - 25. Suppose c*d = -26 + 126. Suppose z - 6*j = -2*j + d, -10 = 5*j. What is the greatest common divisor of z and 108?
12
Suppose -4*c = 4, 5*r - c - 5 - 1 = 0. What is the greatest common factor of 7 and r?
1
Let a(y) = y**3 - 7*y**2 + 8*y - 6. Let o be a(6). Suppose 3*u = 2 + 25. Calculate the greatest common divisor of o and u.
3
Let c be (-1 - -4)*19/3. Let y be (-2)/1 - -4 - -1. Suppose j + y*g - 218 = 0, 0*j + 403 = 2*j - 5*g. What is the greatest common factor of c and j?
19
Let t(d) = 34*d**2 + 2*d + 1. Let v be t(2). Let a = v - 69. What is the highest common factor of 8 and a?
8
Let k be 0/(-2)*3/6. Suppose 3 = 5*v - 22. Suppose v*c - 20 = -k. What is the greatest common divisor of c and 4?
4
Suppose 1 = 4*z - 11. Suppose 0 = 5*g - 3*n + 2 - 1, 5*g - 11 = -z*n. Calculate the greatest common factor of 1 and g.
1
Let n = 14 + -1. Calculate the greatest common divisor of 13 and n.
13
Let p = -10 + 14. Suppose 4*x - 8 - p = 0. What is the highest common divisor of x and 3?
3
Suppose 3*b + 5 = 4*b + 2*n, 3*b - 6 = 3*n. Suppose -b*r + 3 = -0*r. Let a be (-20)/8*(-16)/10. Calculate the greatest common factor of a and r.
1
Let w(x) = -x**2 + 10*x - 3. Let b(k) = -k**2 + 9*k - 7. Let i be b(7). Let g be w(i). Suppose 5*q = 3*q + g. What is the highest common factor of 27 and q?
9
Suppose -3*x - 4*q = -14, 0 = -3*q - 2 - 1. Let v be 3/x - 10/4. Let n = v + 9. Calculate the greatest common factor of n and 28.
7
Let w be ((-4)/(-2))/(4/38). Suppose 6*c - 141 = 201. What is the greatest common factor of c and w?
19
Suppose -92 = -8*j + 36. Calculate the greatest common factor of j and 112.
16
Suppose n - 10 = -4*n, 3*c - 5*n = 98. What is the highest common factor of c and 90?
18
Let g = 3 - 3. Let d be (0 + -2)/((-2)/3). Suppose g*h + 162 = d*h. What is the greatest common divisor of h and 6?
6
Let p(o) = -11*o. Suppose 2*m + 20 = 3*q - 6*q, 2*q = -3*m - 20. Let j be p(m). Calculate the highest co